prime factors of v.
47
Let k be -30*1/(-2 - -1). Suppose 0 = 5*y - 35 - k. What are the prime factors of y?
13
Let u(y) = -y**3 - 8*y**2 - 6*y + 8. Let b be u(-7). Let z(t) = 12*t**2 + 0 - 1 + 6*t**2 + 2. What are the prime factors of z(b)?
19
Let w = -173 - -373. List the prime factors of w.
2, 5
Suppose -g = -3*g + 3*a, g + 3*a = 9. Let j(p) be the second derivative of -p**5/20 + p**4/3 - p**3/3 + p**2 + p. List the prime factors of j(g).
5
Suppose -2*o + 12 = -2*c, -5*c - 27 = -4*o + 5. Let g = 2 - c. List the prime factors of g.
2, 5
Suppose -15 - 9 = -g - 3*t, t - 92 = -5*g. Suppose -24 = -3*h + g. What are the prime factors of h?
2, 7
Suppose 0 = -h + 20 + 26. List the prime factors of h.
2, 23
Suppose 60 = 2*q + 2*c, q - 148 = -3*q + 3*c. List the prime factors of q.
2, 17
What are the prime factors of 2/(-2) + 32 + -5?
2, 13
Suppose 4*c - 18 = -6. Suppose -l = q - 2*l - 4, -3*l - 18 = c*q. What are the prime factors of (q + -1)/((-4)/22)?
11
Let z(a) = a**3 - 6*a**2 - 7*a + 1. Let r be z(7). Let o(p) = 0*p**2 + p**2 + r + 1 + p. List the prime factors of o(0).
2
What are the prime factors of 1 + 43 + 1*-4?
2, 5
Let i(n) = 3*n - 2. Let g be i(2). Let d(z) = z + 5. Let y be d(g). Let x = y - 6. What are the prime factors of x?
3
Let h(t) = -t**3 - 6*t**2 - 7*t - 6. Let p be h(-5). Suppose -p*d + 117 + 83 = 0. What are the prime factors of d?
2, 5
Let u = 128 - 65. What are the prime factors of u?
3, 7
Suppose 4*a = 4*q - 4, a + 4*q = -a + 22. List the prime factors of a.
3
Let r(s) = -s**2 + 7*s - 2. Let z be r(-5). Let b = -41 - z. List the prime factors of b.
3, 7
Let h(g) = g**2 - 12*g + 12. List the prime factors of h(16).
2, 19
Let p = -28 + 22. Let m = -10 - -2. What are the prime factors of m/p*75/10?
2, 5
Let h be 3/9 - (-104)/12. Suppose -2*l - 2*o = -12, -h = -l - 5*o + o. List the prime factors of l.
5
Suppose -4*l + 47 = -5. List the prime factors of l.
13
Let m be (-113)/(-3) + (-4)/6. Let g = m - 25. List the prime factors of g.
2, 3
Let d(c) = c**3 + c**2 - c + 2. Let n be d(0). Suppose -3*a - n*a = 10. Let i = a - -6. What are the prime factors of i?
2
Let z be (-6)/(-15) - (-133)/5. Suppose 3 - z = -y. Suppose 0 = -t - t + y. What are the prime factors of t?
2, 3
Suppose 5*y + 372 = 3*z, -5*z - 2*y = -z - 522. What are the prime factors of z?
3, 43
Let b(t) be the third derivative of t**4/24 - t**3/6 - 17*t**2. Suppose x - 1 = 5. List the prime factors of b(x).
5
Let l be ((-3)/3 - 3) + 1. Let f(j) = j - 3*j + j - 2 + j**2. List the prime factors of f(l).
2, 5
Let t be (-2)/(-2)*-1 - 1. List the prime factors of ((-9)/t)/(-3)*-2.
3
Suppose u - 12 = -3*l, 4 = 3*l - 2*l - 4*u. Suppose 0*k = -3*q - 2*k + 55, l*k = 4*q - 60. List the prime factors of q.
17
Let v(n) = n**3 - 5*n - 8. List the prime factors of v(5).
2, 23
Suppose -6*x = -3*j - 2*x + 76, 96 = 4*j - 4*x. Suppose 4*y - j = 0, 3*k + 3*y + 3 + 18 = 0. List the prime factors of (-3)/(1 - k/(-9)).
3
Suppose g = -2*g + 6. Let j(k) = k**3 - k + 2. List the prime factors of j(g).
2
Suppose -249 - 171 = 5*b. List the prime factors of (b/10)/((-5)/25).
2, 3, 7
Suppose -z = 9 - 3. What are the prime factors of (z/5)/(1/(-5))?
2, 3
Suppose 6*p - p - 20 = 0. Suppose p*h = 33 + 11. List the prime factors of h.
11
What are the prime factors of (-1 - (-1428)/10) + 16/(-20)?
3, 47
Let a = 30 - -23. List the prime factors of a.
53
Suppose 56 = 8*s - 32. What are the prime factors of s?
11
Suppose -3*o - o = -28. Let u(h) = -h**3 + 6*h**2 + 7*h + 4. Let z be u(o). List the prime factors of (1 - z)/(6/(-4)).
2
Let o = -20 - -24. Suppose -3*t + 70 = -2*q, 2*t - 3*q + 64 = o*t. What are the prime factors of t?
2, 13
Suppose 0 = 2*u - 5*r + 16, -3*u + 0*u + 4*r - 10 = 0. Suppose -4 = u*a - 26. List the prime factors of a.
11
Suppose 15 = 4*i - 13. Let p(y) = y**3 - 6*y**2 - 4*y + 4. What are the prime factors of p(i)?
5
List the prime factors of (-142)/(-8) + (-10)/(-40).
2, 3
What are the prime factors of 4/20*5430/6?
181
Let d = -2 - -3. What are the prime factors of d + -4 - (-19 + 2)?
2, 7
Suppose -3*g + 72 = -15. Suppose 2*a - 5*q = 30, 2*q - 15 = -2*a + 1. Suppose -5*z + a = 5*s, 4*z - 3*s = -7 + g. List the prime factors of z.
2
Let x be (-12 - -2)*(-21)/14. Let v = 25 - x. List the prime factors of v.
2, 5
Suppose 80 = 2*s + 3*s. What are the prime factors of s?
2
Suppose -4*d + 280 = 4*u, 5*d + u - 186 = 164. List the prime factors of d.
2, 5, 7
Let f = -13 + 19. Suppose -2 = -l + f. List the prime factors of l.
2
Let j(h) = -h**2 + 13*h - 13. Let v be j(10). Let f(o) = 2*o + 2. Let m be f(-5). Let u = v + m. What are the prime factors of u?
3
Let c = -31 - -59. Suppose -3*s + c = 2*a, 2*a = -2*s - 2*s + 24. Let g = a - 6. What are the prime factors of g?
2, 7
Let j be (-4)/(-22) - 252/(-66). Suppose -b + 5 = -0*t - j*t, -2*b = 2*t - 50. List the prime factors of b.
3, 7
Let c be (-7)/1 + (0 - -1). Let h be (6/5)/(c/(-15)). Suppose h*b = 2*b + 10. List the prime factors of b.
2, 5
Let o(j) = j - 3. Let l be o(-4). Let p = 10 + l. List the prime factors of p.
3
Suppose -g + 108 = 2*g. List the prime factors of g.
2, 3
List the prime factors of (-18)/(-2 + 1)*2 - -1.
37
Let x(u) = -u**3 - 4*u**2 + 5. Let r be x(-4). Suppose -2*g - 2*v - 2 = 0, -11 = r*g + 3*v - 4. List the prime factors of 30/8 - g/8.
2
Suppose -3*b = -2*h + 3*h + 9, 3*h + 3*b + 45 = 0. What are the prime factors of (-230)/(-26) - h/117?
3
Let w = -143 - -101. What are the prime factors of 46/8 - w/(-56)?
5
Suppose -893 = -5*h + 4*b, -2*b + 2 = 6. List the prime factors of h.
3, 59
Suppose 6*o - 4*o = 12. List the prime factors of o.
2, 3
Let l(x) = -5*x - 2. Let i be (-4)/3 - (-4)/(-6). Let w be l(i). Let b = w - 5. List the prime factors of b.
3
Let f(n) = -3*n - 2*n**3 - 2*n**2 - 2*n**2 - 6 + 3*n**3. Let d be f(5). Suppose -d*q + 9 = -7. What are the prime factors of q?
2
Suppose 19*q = 11*q + 256. What are the prime factors of q?
2
Let v be -1 + 2 - (2 + 1). Let s(q) = -2*q**3 - 4*q**2 - 3*q - 2. List the prime factors of s(v).
2
Let t = -3 - -8. Suppose -5*p - 4*j = -155, t*j - 26 = 3*p - 119. List the prime factors of p.
31
List the prime factors of (-906)/(-9) + -4 + (-4)/6.
2, 3
Let h be ((-6)/4)/((-5)/10). Suppose 0 = h*n + 9 + 3, 0 = a + n - 24. Suppose -2*x + 0*x + a = 0. List the prime factors of x.
2, 7
Let m = 7 - 82. What are the prime factors of ((-4)/(-6))/((-2)/m)?
5
Let k(a) be the second derivative of a**3/2 - 3*a**2/2 - a. List the prime factors of k(6).
3, 5
Suppose -3*f = 2*f + 4*b + 12, 3 = 5*f - b. Let d = 95 + -56. Suppose f = -3*w + d - 6. What are the prime factors of w?
11
Suppose -79 = -9*i + 2297. List the prime factors of i.
2, 3, 11
Let c be 2/(-4)*(2 - 2). Suppose -3*a + c*a + 27 = 0. What are the prime factors of a?
3
Let b be (-6)/(-4) + 2/4. Let f = 3 - b. Let x = f - -6. List the prime factors of x.
7
Suppose 4*z + 4*b = -b + 77, 5*z = 4*b + 45. What are the prime factors of z?
13
Let p = 7 + -3. What are the prime factors of 5 + p/((-16)/12)?
2
Suppose 4*x - 21 = -y, 2*x - 11 = 2*y + 7. Let a be 8/20 - x/(-10). List the prime factors of -11*2/(a - 3).
11
Suppose -6*v + 252 = -198. What are the prime factors of v?
3, 5
Let n = -28 + 51. What are the prime factors of n?
23
Suppose y + 8 = 3*b - 5, 16 = -4*y. Suppose 5*o - 2*z - 35 = 0, 3*o + 2*z + 10 = -b*z. List the prime factors of o.
5
Suppose 2*k - k - 4*z - 12 = 0, 3*k - z = 14. Suppose k*l - 9*l + 265 = 0. What are the prime factors of l?
53
Let p(x) = x**3 + 5*x**2 + 2*x - 2. Let u be p(-2). Let j be (2/u)/((-2)/(-24)). Suppose 4*g - 3*g - j = 0. What are the prime factors of g?
2
Suppose -y = -2 - 2. Suppose j - 40 = -y. Suppose 0 = 5*m + c - 25, 4*c = -4*m - 0*m + j. List the prime factors of m.
2
Suppose 2*o - 11 - 11 = 0. List the prime factors of o.
11
Suppose 3*f + 2*f + 65 = 3*p, 0 = 3*p - 4*f - 64. Suppose -p = -0*x - 5*x. What are the prime factors of (4/(-3))/(x/(-6))?
2
Let x be 2*(6/2 - 0). Let r(o) = o**2 - 4*o - 7. Let p be r(x). Suppose -3*i - 2*s + 16 = -6*s, -p*i + 44 = 2*s. What are the prime factors of i?
2
Let w be 3 + -2*5*1. Let p = 13 + w. What are the prime factors of p?
2, 3
Let x(q) = q**3 + 6*q**2 - 2*q - 3. What are the prime factors of x(-5)?
2
Suppose 0*r - r = 4*s - 59, -3*r + 33 = 